{"id":7644,"date":"2014-05-28T20:27:44","date_gmt":"2014-05-28T20:27:44","guid":{"rendered":"http:\/\/ceric.org\/?page_id=7644"},"modified":"2017-06-30T12:45:43","modified_gmt":"2017-06-30T16:45:43","slug":"joan-schiebelbein-2","status":"publish","type":"page","link":"https:\/\/ceric.ca\/fr\/joan-schiebelbein-2\/","title":{"rendered":"Joan Schiebelbein"},"content":{"rendered":"<p><img decoding=\"async\" class=\"alignleft size-full wp-image-7636\" src=\"http:\/\/ceric.org\/wp-content\/uploads\/2012\/10\/CERIC_headshots_schielbedbein.png\" alt=\"CERIC_headshots_schielbedbein\" width=\"128\" height=\"140\" srcset=\"https:\/\/ceric.ca\/wp-content\/uploads\/2012\/10\/CERIC_headshots_schielbedbein.png 128w, https:\/\/ceric.ca\/wp-content\/uploads\/2012\/10\/CERIC_headshots_schielbedbein-98x107.png 98w\" sizes=\"(max-width:767px) 128px, 128px\" \/>Joan Schiebelbein est la directrice du centre des carri\u00e8res de l\u2019Universit\u00e9 de l\u2019Alberta. Elle a commenc\u00e9 \u00e0 travailler au centre en septembre\u00a01988. Plus tard, elle y a assum\u00e9 la responsabilit\u00e9 de l\u2019\u00e9laboration et de la gestion du programme d\u2019information scolaire et professionnelle ainsi que du programme Career Peer Educator (CPE), dont elle est devenue la directrice en\u00a02007. Joan est titulaire d\u2019un baccalaur\u00e9at \u00e8s arts (1986), d\u2019un baccalaur\u00e9at avec sp\u00e9cialisation en science politique (1988), d\u2019un certificat en administration publique (1999) et d\u2019une ma\u00eetrise en \u00e9ducation des adultes et en enseignement sup\u00e9rieur (2005) de l\u2019Universit\u00e9 de l\u2019Alberta. Ses travaux de ma\u00eetrise portaient sur le travail et l\u2019apprentissage.<\/p>\n<p>En plus de ses fonctions au centre des carri\u00e8res, Joan si\u00e8ge au conseil consultatif en mati\u00e8re de service communautaire et d\u2019apprentissage de l\u2019Universit\u00e9 de l\u2019Alberta et au groupe de travail sur l\u2019\u00e9valuation, au sein de la direction des services aux \u00e9tudiants.<\/p>\n","protected":false},"excerpt":{"rendered":"<p>Joan Schiebelbein est la directrice du centre des carri\u00e8res de l\u2019Universit\u00e9 de l\u2019Alberta. Elle a commenc\u00e9 \u00e0 travailler au centre en septembre\u00a01988. Plus tard, elle y<span class=\"excerpt-hellip\"> [\u2026]<\/span><\/p>\n","protected":false},"author":1,"featured_media":0,"parent":0,"menu_order":0,"comment_status":"closed","ping_status":"open","template":"","meta":{"h5ap_radio_sources":[],"footnotes":""},"class_list":["post-7644","page","type-page","status-publish","hentry"],"yoast_head":"<!-- This site is optimized with the Yoast SEO Premium plugin v27.4 (Yoast SEO v27.4) - https:\/\/yoast.com\/product\/yoast-seo-premium-wordpress\/ -->\n<title>Joan Schiebelbein - CERIC<\/title>\n<meta name=\"robots\" content=\"index, follow, max-snippet:-1, max-image-preview:large, max-video-preview:-1\" \/>\n<link rel=\"canonical\" href=\"https:\/\/ceric.ca\/fr\/joan-schiebelbein-2\/\" \/>\n<meta property=\"og:locale\" content=\"fr_FR\" \/>\n<meta property=\"og:type\" content=\"article\" \/>\n<meta property=\"og:title\" content=\"Joan Schiebelbein\" \/>\n<meta property=\"og:description\" content=\"Joan Schiebelbein est la directrice du centre des carri\u00e8res de l\u2019Universit\u00e9 de l\u2019Alberta. Elle a commenc\u00e9 \u00e0 travailler au centre en septembre\u00a01988. Plus tard, elle y [\u2026]\" \/>\n<meta property=\"og:url\" content=\"https:\/\/ceric.ca\/fr\/joan-schiebelbein-2\/\" \/>\n<meta property=\"og:site_name\" content=\"CERIC\" \/>\n<meta property=\"article:modified_time\" content=\"2017-06-30T16:45:43+00:00\" \/>\n<meta property=\"og:image\" content=\"http:\/\/ceric.org\/wp-content\/uploads\/2012\/10\/CERIC_headshots_schielbedbein.png\" \/>\n<meta name=\"twitter:card\" content=\"summary_large_image\" \/>\n<meta name=\"twitter:label1\" content=\"Dur\u00e9e de lecture estim\u00e9e\" \/>\n\t<meta name=\"twitter:data1\" content=\"1 minute\" \/>\n<script type=\"application\/ld+json\" class=\"yoast-schema-graph\">{\"@context\":\"https:\\\/\\\/schema.org\",\"@graph\":[{\"@type\":\"WebPage\",\"@id\":\"https:\\\/\\\/ceric.ca\\\/fr\\\/joan-schiebelbein-2\\\/\",\"url\":\"https:\\\/\\\/ceric.ca\\\/fr\\\/joan-schiebelbein-2\\\/\",\"name\":\"Joan Schiebelbein - CERIC\",\"isPartOf\":{\"@id\":\"https:\\\/\\\/ceric.ca\\\/#website\"},\"primaryImageOfPage\":{\"@id\":\"https:\\\/\\\/ceric.ca\\\/fr\\\/joan-schiebelbein-2\\\/#primaryimage\"},\"image\":{\"@id\":\"https:\\\/\\\/ceric.ca\\\/fr\\\/joan-schiebelbein-2\\\/#primaryimage\"},\"thumbnailUrl\":\"http:\\\/\\\/ceric.org\\\/wp-content\\\/uploads\\\/2012\\\/10\\\/CERIC_headshots_schielbedbein.png\",\"datePublished\":\"2014-05-28T20:27:44+00:00\",\"dateModified\":\"2017-06-30T16:45:43+00:00\",\"breadcrumb\":{\"@id\":\"https:\\\/\\\/ceric.ca\\\/fr\\\/joan-schiebelbein-2\\\/#breadcrumb\"},\"inLanguage\":\"fr-FR\",\"potentialAction\":[{\"@type\":\"ReadAction\",\"target\":[\"https:\\\/\\\/ceric.ca\\\/fr\\\/joan-schiebelbein-2\\\/\"]}]},{\"@type\":\"ImageObject\",\"inLanguage\":\"fr-FR\",\"@id\":\"https:\\\/\\\/ceric.ca\\\/fr\\\/joan-schiebelbein-2\\\/#primaryimage\",\"url\":\"http:\\\/\\\/ceric.org\\\/wp-content\\\/uploads\\\/2012\\\/10\\\/CERIC_headshots_schielbedbein.png\",\"contentUrl\":\"http:\\\/\\\/ceric.org\\\/wp-content\\\/uploads\\\/2012\\\/10\\\/CERIC_headshots_schielbedbein.png\"},{\"@type\":\"BreadcrumbList\",\"@id\":\"https:\\\/\\\/ceric.ca\\\/fr\\\/joan-schiebelbein-2\\\/#breadcrumb\",\"itemListElement\":[{\"@type\":\"ListItem\",\"position\":1,\"name\":\"Home\",\"item\":\"https:\\\/\\\/ceric.ca\\\/fr\\\/ceric-homepage-2025\\\/\"},{\"@type\":\"ListItem\",\"position\":2,\"name\":\"Joan Schiebelbein\"}]},{\"@type\":\"WebSite\",\"@id\":\"https:\\\/\\\/ceric.ca\\\/#website\",\"url\":\"https:\\\/\\\/ceric.ca\\\/\",\"name\":\"CERIC\",\"description\":\"\",\"publisher\":{\"@id\":\"https:\\\/\\\/ceric.ca\\\/#organization\"},\"potentialAction\":[{\"@type\":\"SearchAction\",\"target\":{\"@type\":\"EntryPoint\",\"urlTemplate\":\"https:\\\/\\\/ceric.ca\\\/?s={search_term_string}\"},\"query-input\":{\"@type\":\"PropertyValueSpecification\",\"valueRequired\":true,\"valueName\":\"search_term_string\"}}],\"inLanguage\":\"fr-FR\"},{\"@type\":\"Organization\",\"@id\":\"https:\\\/\\\/ceric.ca\\\/#organization\",\"name\":\"CERIC\",\"url\":\"https:\\\/\\\/ceric.ca\\\/\",\"logo\":{\"@type\":\"ImageObject\",\"inLanguage\":\"fr-FR\",\"@id\":\"https:\\\/\\\/ceric.ca\\\/#\\\/schema\\\/logo\\\/image\\\/\",\"url\":\"\",\"contentUrl\":\"\",\"caption\":\"CERIC\"},\"image\":{\"@id\":\"https:\\\/\\\/ceric.ca\\\/#\\\/schema\\\/logo\\\/image\\\/\"}}]}<\/script>\n<!-- \/ Yoast SEO Premium plugin. -->","yoast_head_json":{"title":"Joan Schiebelbein - CERIC","robots":{"index":"index","follow":"follow","max-snippet":"max-snippet:-1","max-image-preview":"max-image-preview:large","max-video-preview":"max-video-preview:-1"},"canonical":"https:\/\/ceric.ca\/fr\/joan-schiebelbein-2\/","og_locale":"fr_FR","og_type":"article","og_title":"Joan Schiebelbein","og_description":"Joan Schiebelbein est la directrice du centre des carri\u00e8res de l\u2019Universit\u00e9 de l\u2019Alberta. Elle a commenc\u00e9 \u00e0 travailler au centre en septembre\u00a01988. Plus tard, elle y [\u2026]","og_url":"https:\/\/ceric.ca\/fr\/joan-schiebelbein-2\/","og_site_name":"CERIC","article_modified_time":"2017-06-30T16:45:43+00:00","og_image":[{"url":"http:\/\/ceric.org\/wp-content\/uploads\/2012\/10\/CERIC_headshots_schielbedbein.png","type":"","width":"","height":""}],"twitter_card":"summary_large_image","twitter_misc":{"Dur\u00e9e de lecture estim\u00e9e":"1 minute"},"schema":{"@context":"https:\/\/schema.org","@graph":[{"@type":"WebPage","@id":"https:\/\/ceric.ca\/fr\/joan-schiebelbein-2\/","url":"https:\/\/ceric.ca\/fr\/joan-schiebelbein-2\/","name":"Joan Schiebelbein - CERIC","isPartOf":{"@id":"https:\/\/ceric.ca\/#website"},"primaryImageOfPage":{"@id":"https:\/\/ceric.ca\/fr\/joan-schiebelbein-2\/#primaryimage"},"image":{"@id":"https:\/\/ceric.ca\/fr\/joan-schiebelbein-2\/#primaryimage"},"thumbnailUrl":"http:\/\/ceric.org\/wp-content\/uploads\/2012\/10\/CERIC_headshots_schielbedbein.png","datePublished":"2014-05-28T20:27:44+00:00","dateModified":"2017-06-30T16:45:43+00:00","breadcrumb":{"@id":"https:\/\/ceric.ca\/fr\/joan-schiebelbein-2\/#breadcrumb"},"inLanguage":"fr-FR","potentialAction":[{"@type":"ReadAction","target":["https:\/\/ceric.ca\/fr\/joan-schiebelbein-2\/"]}]},{"@type":"ImageObject","inLanguage":"fr-FR","@id":"https:\/\/ceric.ca\/fr\/joan-schiebelbein-2\/#primaryimage","url":"http:\/\/ceric.org\/wp-content\/uploads\/2012\/10\/CERIC_headshots_schielbedbein.png","contentUrl":"http:\/\/ceric.org\/wp-content\/uploads\/2012\/10\/CERIC_headshots_schielbedbein.png"},{"@type":"BreadcrumbList","@id":"https:\/\/ceric.ca\/fr\/joan-schiebelbein-2\/#breadcrumb","itemListElement":[{"@type":"ListItem","position":1,"name":"Home","item":"https:\/\/ceric.ca\/fr\/ceric-homepage-2025\/"},{"@type":"ListItem","position":2,"name":"Joan Schiebelbein"}]},{"@type":"WebSite","@id":"https:\/\/ceric.ca\/#website","url":"https:\/\/ceric.ca\/","name":"CERIC","description":"","publisher":{"@id":"https:\/\/ceric.ca\/#organization"},"potentialAction":[{"@type":"SearchAction","target":{"@type":"EntryPoint","urlTemplate":"https:\/\/ceric.ca\/?s={search_term_string}"},"query-input":{"@type":"PropertyValueSpecification","valueRequired":true,"valueName":"search_term_string"}}],"inLanguage":"fr-FR"},{"@type":"Organization","@id":"https:\/\/ceric.ca\/#organization","name":"CERIC","url":"https:\/\/ceric.ca\/","logo":{"@type":"ImageObject","inLanguage":"fr-FR","@id":"https:\/\/ceric.ca\/#\/schema\/logo\/image\/","url":"","contentUrl":"","caption":"CERIC"},"image":{"@id":"https:\/\/ceric.ca\/#\/schema\/logo\/image\/"}}]}},"_links":{"self":[{"href":"https:\/\/ceric.ca\/fr\/wp-json\/wp\/v2\/pages\/7644","targetHints":{"allow":["GET"]}}],"collection":[{"href":"https:\/\/ceric.ca\/fr\/wp-json\/wp\/v2\/pages"}],"about":[{"href":"https:\/\/ceric.ca\/fr\/wp-json\/wp\/v2\/types\/page"}],"author":[{"embeddable":true,"href":"https:\/\/ceric.ca\/fr\/wp-json\/wp\/v2\/users\/1"}],"replies":[{"embeddable":true,"href":"https:\/\/ceric.ca\/fr\/wp-json\/wp\/v2\/comments?post=7644"}],"version-history":[{"count":0,"href":"https:\/\/ceric.ca\/fr\/wp-json\/wp\/v2\/pages\/7644\/revisions"}],"wp:attachment":[{"href":"https:\/\/ceric.ca\/fr\/wp-json\/wp\/v2\/media?parent=7644"}],"curies":[{"name":"wp","href":"https:\/\/api.w.org\/{rel}","templated":true}]}}

<p><img decoding="async" class="alignleft size-full wp-image-7636" src="http://ceric.org/wp-content/uploads/2012/10/CERIC_headshots_schielbedbein.png" alt="CERIC_headshots_schielbedbein" width="128" height="140" srcset="https://ceric.ca/wp-content/uploads/2012/10/CERIC_headshots_schielbedbein.png 128w, https://ceric.ca/wp-content/uploads/2012/10/CERIC_headshots_schielbedbein-98x107.png 98w" sizes="(max-width:767px) 128px, 128px" />Joan Schiebelbein est la directrice du centre des carrières de l’Université de l’Alberta. Elle a commencé à travailler au centre en septembre 1988. Plus tard, elle y a assumé la responsabilité de l’élaboration et de la gestion du programme d’information scolaire et professionnelle ainsi que du programme Career Peer Educator (CPE), dont elle est devenue la directrice en 2007. Joan est titulaire d’un baccalauréat ès arts (1986), d’un baccalauréat avec spécialisation en science politique (1988), d’un certificat en administration publique (1999) et d’une maîtrise en éducation des adultes et en enseignement supérieur (2005) de l’Université de l’Alberta. Ses travaux de maîtrise portaient sur le travail et l’apprentissage.</p>
<p>En plus de ses fonctions au centre des carrières, Joan siège au conseil consultatif en matière de service communautaire et d’apprentissage de l’Université de l’Alberta et au groupe de travail sur l’évaluation, au sein de la direction des services aux étudiants.</p>

<p>Joan Schiebelbein est la directrice du centre des carrières de l’Université de l’Alberta. Elle a commencé à travailler au centre en septembre 1988. Plus tard, elle y<span class="excerpt-hellip"> […]</span></p>

<!-- This site is optimized with the Yoast SEO Premium plugin v27.4 (Yoast SEO v27.4) - https://yoast.com/product/yoast-seo-premium-wordpress/ -->
<title>Joan Schiebelbein - CERIC</title>
<meta name="robots" content="index, follow, max-snippet:-1, max-image-preview:large, max-video-preview:-1" />
<link rel="canonical" href="https://ceric.ca/fr/joan-schiebelbein-2/" />
<meta property="og:locale" content="fr_FR" />
<meta property="og:type" content="article" />
<meta property="og:title" content="Joan Schiebelbein" />
<meta property="og:description" content="Joan Schiebelbein est la directrice du centre des carrières de l’Université de l’Alberta. Elle a commencé à travailler au centre en septembre 1988. Plus tard, elle y […]" />
<meta property="og:url" content="https://ceric.ca/fr/joan-schiebelbein-2/" />
<meta property="og:site_name" content="CERIC" />
<meta property="article:modified_time" content="2017-06-30T16:45:43+00:00" />
<meta property="og:image" content="http://ceric.org/wp-content/uploads/2012/10/CERIC_headshots_schielbedbein.png" />
<meta name="twitter:card" content="summary_large_image" />
<meta name="twitter:label1" content="Durée de lecture estimée" />
	<meta name="twitter:data1" content="1 minute" />
<script type="application/ld+json" class="yoast-schema-graph">{"@context":"https:\/\/schema.org","@graph":[{"@type":"WebPage","@id":"https:\/\/ceric.ca\/fr\/joan-schiebelbein-2\/","url":"https:\/\/ceric.ca\/fr\/joan-schiebelbein-2\/","name":"Joan Schiebelbein - CERIC","isPartOf":{"@id":"https:\/\/ceric.ca\/#website"},"primaryImageOfPage":{"@id":"https:\/\/ceric.ca\/fr\/joan-schiebelbein-2\/#primaryimage"},"image":{"@id":"https:\/\/ceric.ca\/fr\/joan-schiebelbein-2\/#primaryimage"},"thumbnailUrl":"http:\/\/ceric.org\/wp-content\/uploads\/2012\/10\/CERIC_headshots_schielbedbein.png","datePublished":"2014-05-28T20:27:44+00:00","dateModified":"2017-06-30T16:45:43+00:00","breadcrumb":{"@id":"https:\/\/ceric.ca\/fr\/joan-schiebelbein-2\/#breadcrumb"},"inLanguage":"fr-FR","potentialAction":[{"@type":"ReadAction","target":["https:\/\/ceric.ca\/fr\/joan-schiebelbein-2\/"]}]},{"@type":"ImageObject","inLanguage":"fr-FR","@id":"https:\/\/ceric.ca\/fr\/joan-schiebelbein-2\/#primaryimage","url":"http:\/\/ceric.org\/wp-content\/uploads\/2012\/10\/CERIC_headshots_schielbedbein.png","contentUrl":"http:\/\/ceric.org\/wp-content\/uploads\/2012\/10\/CERIC_headshots_schielbedbein.png"},{"@type":"BreadcrumbList","@id":"https:\/\/ceric.ca\/fr\/joan-schiebelbein-2\/#breadcrumb","itemListElement":[{"@type":"ListItem","position":1,"name":"Home","item":"https:\/\/ceric.ca\/fr\/ceric-homepage-2025\/"},{"@type":"ListItem","position":2,"name":"Joan Schiebelbein"}]},{"@type":"WebSite","@id":"https:\/\/ceric.ca\/#website","url":"https:\/\/ceric.ca\/","name":"CERIC","description":"","publisher":{"@id":"https:\/\/ceric.ca\/#organization"},"potentialAction":[{"@type":"SearchAction","target":{"@type":"EntryPoint","urlTemplate":"https:\/\/ceric.ca\/?s={search_term_string}"},"query-input":{"@type":"PropertyValueSpecification","valueRequired":true,"valueName":"search_term_string"}}],"inLanguage":"fr-FR"},{"@type":"Organization","@id":"https:\/\/ceric.ca\/#organization","name":"CERIC","url":"https:\/\/ceric.ca\/","logo":{"@type":"ImageObject","inLanguage":"fr-FR","@id":"https:\/\/ceric.ca\/#\/schema\/logo\/image\/","url":"","contentUrl":"","caption":"CERIC"},"image":{"@id":"https:\/\/ceric.ca\/#\/schema\/logo\/image\/"}}]}</script>
<!-- / Yoast SEO Premium plugin. -->

Joan Schiebelbein est la directrice du centre des carrières de l’Université de l’Alberta. Elle a commencé à travailler au centre en septembre 1988. Plus tard, elle y […]
